 r = -62 + 102. Let i = k + r. What are the prime factors of i?
2, 3, 5
Suppose f = -4*o - 25, 2*f + 16 = -4*o - 14. Let v be f/(20/8)*1. What are the prime factors of (-3 - v)/(1/(-45))?
3, 5
Suppose 1045 = 4*z + 205. Suppose 2*n + 30 - 122 = 5*t, 3*t - z = -4*n. List the prime factors of n.
3, 17
Let n be (21/15 + -2)*-5. Suppose -5*d + 4*d = n*m - 37, -4*m - 163 = -3*d. What are the prime factors of d?
7
List the prime factors of (9 + (-90)/9)/(1/(-257)).
257
Let n(c) = 1529*c + 76. What are the prime factors of n(1)?
3, 5, 107
Let j be (-1)/((-11)/(-4) + -3). Suppose -j*y + 16 = -0. List the prime factors of y.
2
Let m = -13 + 13. Suppose d + 8 = -m*d. Let q = 7 - d. List the prime factors of q.
3, 5
Let s(n) be the second derivative of n**5/20 + n**4/2 - n**3 + 5*n**2/2 - 6*n. Let q be 1 + -1 - 35/7. List the prime factors of s(q).
2, 3, 5
Let z(k) = 1691*k + 46. What are the prime factors of z(1)?
3, 193
Let q be 1/(10/2526) - 6/(-15). Suppose -q = -5*f + 197. What are the prime factors of f?
2, 3, 5
Let d(f) = -3*f**3 + 47*f**2 + 8*f + 33. List the prime factors of d(15).
3, 67
Suppose 3*r + 0*r - 29 = 4*c, 5*r + 3*c = 0. Suppose -5*d + r*h = -632, 3*d - 2*h - 268 - 112 = 0. List the prime factors of d.
2, 31
Suppose 0*n + n = 0. Let j = 117 + -95. Suppose -j = -n*o - o. What are the prime factors of o?
2, 11
Let x(w) = -2*w + 12*w**2 - w**2 - 1 + 6*w + w**2. List the prime factors of x(-3).
5, 19
Let k be 7/(28/(-16)) - -3. List the prime factors of 11/((1/(-3))/k).
3, 11
Let p = -1339 - -2243. Suppose -p = -5*h + h. What are the prime factors of h?
2, 113
Suppose 123709 = -3*s + 22*s. What are the prime factors of s?
17, 383
Suppose -16*z = -11*z + 400. Let y = -47 - z. List the prime factors of y.
3, 11
Suppose -66 = 3*d - 5*d. Suppose -2*j + d = -75. What are the prime factors of j?
2, 3
Let r(u) = -4*u**3 - 3*u**2 - 7*u - 5. Let x be r(-2). Suppose -45 = -l - 14. Suppose -3*y + l + x = 0. List the prime factors of y.
2, 5
Suppose 0 = 2*j - 30 - 38. Let d be (21/(-9))/((-3)/72). Let c = d - j. What are the prime factors of c?
2, 11
Let d = -1941 - -3215. What are the prime factors of d?
2, 7, 13
Let x(j) = -j**2 + 10*j + 2. Let n be x(10). Suppose 6*d = n*d + 24. List the prime factors of d.
2, 3
Suppose -22*g - 77*g = -599742. List the prime factors of g.
2, 13, 233
Let s(j) = -21*j + 6. Let h(o) = 20*o - 6. Let b(n) = -3*h(n) - 4*s(n). List the prime factors of b(9).
2, 3, 5, 7
Suppose 26*k + 6*k = 64288. What are the prime factors of k?
7, 41
Let i(x) = x**3 + 4*x**2 + 4*x + 3. Let b be i(-2). Suppose l + b*l = 3*k - 190, -2*k = l - 112. List the prime factors of k.
2, 29
Let s(v) = 0*v**3 - 5*v**3 + 11*v - 4*v**2 + 4*v**3 + 0*v**2 - 1. What are the prime factors of s(-6)?
5
Let o = -69 + 9. Let k be (2/4)/((-6)/o). Suppose 0*d - x + 17 = 3*d, -k*d + 10 = -2*x. What are the prime factors of d?
2
List the prime factors of (8/((-16)/(-91)))/((-1)/(-22)).
7, 11, 13
Suppose -12*u = 16*u - 84. Suppose s - 2*n + 26 = 4*s, -5*s - 5*n = -40. Suppose u*g + 15 = 0, 5*c - 2*g = -6*g + s. List the prime factors of c.
2, 3
Suppose -145 = -b - 4*b. Let x = b - 23. Let f = 10 + x. What are the prime factors of f?
2
Suppose 0 = -3*x + 3*h + 4158, 3*h - 2*h - 2763 = -2*x. List the prime factors of x.
3, 461
Let x be (-2 + -15)*2/(-2). Suppose 20*v - x*v - 240 = 0. List the prime factors of v.
2, 5
Let s be (-792)/(8 + -4)*-1. Suppose 8*f - 798 = -s. List the prime factors of f.
3, 5
Let v(w) = w**2 - 8*w + 3. Let c = 3 + 5. What are the prime factors of v(c)?
3
Suppose 4*m = -17 + 9. What are the prime factors of (m + (-332)/(-3))*21/14?
163
Let z(p) = p**2 + 6 + 3*p**2 + p**2 + 6. What are the prime factors of z(4)?
2, 23
Let w(c) = -44*c**3 + 22*c**3 + 9*c**2 + 23*c**3 - 11 - 5*c. Let g be w(-5). Suppose 3*b + g = 9*b. List the prime factors of b.
19
Let i(k) = -5*k + 110. What are the prime factors of i(6)?
2, 5
Suppose 0 = -6*h + 35*h - 35786. What are the prime factors of h?
2, 617
Let r(k) = 6*k**2 - 13*k - 122. List the prime factors of r(17).
13, 107
Suppose 5*n - 530 = 4*p, -3*n = -p - 277 - 34. Let i = n + -56. What are the prime factors of i?
2, 23
Suppose 7*n - 6*n = 15. Let k be -1*9*(1 + 0). Let x = k + n. List the prime factors of x.
2, 3
Let q = 13 - 13. Suppose q = d + 3*d - 52. Let f = 24 - d. List the prime factors of f.
11
Let i = 220 + -193. List the prime factors of i.
3
Let j(x) = x**2 - 4*x - 2. Let l be j(5). Suppose -y = -5*y + l*n + 7, -4*y = 2*n - 22. Suppose -y*g - 135 = -9*g. List the prime factors of g.
3
Let u = -681 - -1724. What are the prime factors of u?
7, 149
Let x(u) = u**3 - u**2 - u. Let b be 66/17 - 6/(-51). List the prime factors of x(b).
2, 11
Let q(d) be the second derivative of 1/12*d**4 - 6*d + 0 + 1/2*d**3 - d**2. What are the prime factors of q(-6)?
2
Suppose 0 = -21*f + 11*f + 5580. What are the prime factors of f?
2, 3, 31
Suppose 8*x - 114 = 7*x. Suppose 4*j - 5*f - 148 + 14 = 0, 3*f - x = -3*j. List the prime factors of j.
2, 3
Suppose -2*i = -5*j - 243, i + 2*j + 2*j = 128. Let m = 66 - i. Let z = -30 - m. List the prime factors of z.
2, 7
Let w(v) = -v**3 + 7*v**2 + 4. Suppose 88 = 13*u + 23. What are the prime factors of w(u)?
2, 3
Let j = 64 + -5. Suppose 4*a = -o - j, 0 = -0*o + o - 5*a + 59. Let t = o + 100. What are the prime factors of t?
41
Let l = -6 + 5. Suppose t - 2*t = -366. List the prime factors of -3 - l - t/(-6).
59
Let w = 1121 - 509. What are the prime factors of w?
2, 3, 17
Suppose -b + 4*b = 9. Suppose b*i - 215 = -32. What are the prime factors of i?
61
Let v(j) = 5*j**2 - 4*j + 84. List the prime factors of v(10).
2, 17
Let j(g) = -g - 1. Let o(s) = -s**2 + 4*s + 5. Let v(w) = -5*j(w) - o(w). Let c(b) = -b**3 + 10*b**2 - 10*b + 13. Let a be c(9). List the prime factors of v(a).
2, 5
Let g be -1*(-4)/(-2)*-6. Let c(i) = i - 7. Let u be c(g). Suppose -5*x = u*h - 95, 4*x = h + 4 - 18. What are the prime factors of h?
2, 3
What are the prime factors of -3477*((-88)/24)/11?
19, 61
Let i = -662 - -1060. What are the prime factors of i?
2, 199
Let q(y) = y**3 + 16*y**2 + 26*y - 12. Let w be q(-13). Let b = w + 38. List the prime factors of b.
3, 5, 13
Let o = -946 - -631. What are the prime factors of (-2 - o/36)/((-2)/(-48))?
2, 3
Suppose 3*a = 4*a. Suppose -g = -a*g + 18. Let m = 32 + g. List the prime factors of m.
2, 7
Suppose -11*u + 40592 = 32*u. List the prime factors of u.
2, 59
Let d be 0 - (-3)/(-6)*-4. Suppose -3*p + 0*x + 2 = d*x, -2*x + 2 = 0. Suppose 5*s + 17 - 137 = p. List the prime factors of s.
2, 3
Suppose -5*w + 0*s + 234 = 4*s, 2*w = -4*s + 84. Let r = 22 + w. What are the prime factors of r?
2, 3
Suppose l - 35 = -5*v + 330, -5*v = -l + 325. List the prime factors of l.
3, 5, 23
Suppose 671 = w - 3*q, 6*q - 11*q + 647 = w. What are the prime factors of w?
2, 331
Let s(l) = -l**3 - 8*l**2 + l - 3. Let m be s(-8). Let n(j) = -j - 13. Let g be n(m). What are the prime factors of (-39)/g - 7/(-14)?
2, 5
Let i be 320/18 - 6/(-27). Let x = i + -9. List the prime factors of -23*3*(-3)/x.
23
Let y(g) = 131*g**2 + 27*g + 5. List the prime factors of y(-2).
5, 19
Let a(o) = -4*o**3 - o**2 + 5*o**3 - 5*o**2 + o. List the prime factors of a(6).
2, 3
Suppose 2*a = -0 + 4. Suppose 0*j + a*j - 90 = 0. What are the prime factors of j?
3, 5
Let g(l) = 4*l**2 - 10*l - 33. Let o = -35 - -30. List the prime factors of g(o).
3, 13
Suppose 3*l = -9, -16 - 3 = -5*a + 3*l. Suppose 0 = d - 2*m - 34, a*d - 3*m + 6*m = 89. What are the prime factors of d?
2, 5
Suppose -o - 90 = -4*h, -4*o - 33 = -4*h + 63. Let n = h + 71. What are the prime factors of n?
3, 31
Suppose -39*l + 48*l - 5139 = 0. List the prime factors of l.
571
List the prime factors of (317/(5 + -6))/(-1).
317
Let z(b) = 218*b**2 - 19*b - 34. What are the prime factors of z(-2)?
2, 3, 73
Let i(h) = -h - 4. Let b be i(-10). Let y(m) = m**3 + 6*m**2 + 3*m + 2. Let p be y(-6). What are the prime factors of ((-27)/b)/(12/p)?
2, 3
Let k = -171 + 278. Let u = k + -100. What are the prime factors of u?
7
Let k(o) = o**3 - 8*o**2 - 7*o + 1. Suppose 0 = -3*c + 2*t + 35, 3*t = -c - 0*c - 3. What are the prime factors of k(c)?
19
Suppose 5*q = -d + 49, -15 = q - 4*q + 3*d. Let t = -5 + q. Suppose 4*f - 3*z - 2*z - 148 = 0,